(t) = 3*h(t) - 5*i(t). Calculate l(5).
-9
Let g(k) be the second derivative of -1/20*k**5 - k**3 + 5/12*k**4 + 0 + 2*k + 3/2*k**2. Calculate g(4).
-5
Suppose 2*c - 42 = -12*c. Let x(h) = -2*h**2 + 4*h - 2. What is x(c)?
-8
Let a be 3/(-3)*-2 - (20 + -12). Let h(r) be the first derivative of -r**2 - r - 1. Calculate h(a).
11
Suppose 50 = 3*c + 2*c. Suppose 4*v + v = c. Suppose v*m - m = 0. Let z(s) = -s**2 + s - 6. Give z(m).
-6
Let a(m) = -6*m**2 + 6*m - 14. Let q(s) = -4*s**2 + 4*s - 9. Let j(f) = 5*a(f) - 8*q(f). Determine j(3).
14
Let i(c) = c**3 - c**2 + c - 2. Suppose 0 = 4*a + 5 - 37. Let l(n) = -3*n - 36. Let x be l(-10). Let v = a + x. Calculate i(v).
4
Let x(v) = 5*v**3 + 3*v**2 - 6*v - 1. Let u(c) = -c**3 - c**2 + c. Let k(l) = -6*u(l) - x(l). Let j be k(-3). Let s(p) = 2*p - 1. Give s(j).
1
Let g = 4 + -2. Let j(m) = -m**2 + m**3 + m + 2*m**2 + 2 + 3*m**g. Let t = -7 - -3. Calculate j(t).
-2
Let d(n) be the second derivative of -1/24*n**4 - 1/6*n**3 + 1/2*n**2 - n + 0. Let k(p) be the first derivative of d(p). Calculate k(5).
-6
Suppose 3*d + 0*d + 36 = 0. Let p be (13/(-26))/((-2)/d). Let h(b) = b**3 + b**2 - 4*b - 3. Give h(p).
-9
Let w be -25*(14/10 + -1). Let h be w/8*8/(-2). Let r = h + -2. Let o(d) = d - 3. Determine o(r).
0
Let t(j) = -2*j - 1. Let g(s) = s + 1. Let c(d) = 4*g(d) + 3*t(d). Calculate c(-1).
3
Let r(m) = m**3 + 9*m**2 - 11*m + 3. Let o(t) = -t**3 - 9*t**2 + 11*t - 2. Let q(j) = -7*o(j) - 6*r(j). Calculate q(-10).
6
Let s be (-3 - -2)/((-2)/6). Let q(u) = 4*u - 11. Let l(d) = -2*d + 6. Let m(v) = s*q(v) + 5*l(v). Let c be ((-8)/6)/((-2)/3). Calculate m(c).
1
Let t(p) = p**2 + 3*p. Suppose 3*v - 2*o - 3*o = 0, 5*v - 2*o = 0. Suppose 3*j = -v*j - 12. What is t(j)?
4
Let r(z) = -z**2 - 2*z - 6. Let h be ((-4)/4)/((-100)/(-24) - 4). What is r(h)?
-30
Let a be (1 + -1 - 0) + 2. Let r(i) = -i**3 - a + i + 0*i + 3. Let z(y) = 7*y**3 - 4*y**2 - 13*y - 2. Let p(c) = -6*r(c) - z(c). What is p(5)?
6
Let l(f) = -15*f + 7*f - 4*f. Calculate l(-1).
12
Let n = -3 + -5. Let k be -1*n/2*1. Let t(r) = 3*r + k - 4*r - r**3 - 6*r**2 - 2*r. Determine t(-5).
-6
Suppose -5*y + 35 = 2*g, -5*g + 35 = -g + 3*y. Let v(t) = -t**2 + 5*t + 4. What is v(g)?
4
Let z(q) be the second derivative of -q**3/6 + 2*q**2 + 19*q. Suppose 0*s = 2*s - 12. Give z(s).
-2
Let g(h) = h**2 - 6*h - 3. Let m(q) be the first derivative of q**3/3 - 7*q**2/2 - 3*q + 3. Let d(v) = -5*g(v) + 4*m(v). Give d(3).
0
Let p(d) = -d. Let h(m) be the third derivative of -m**4/12 + m**3/6 + 6*m**2. Let k(g) = 4*h(g) - 5*p(g). What is k(3)?
-5
Let d(q) = q**3 - 3*q**2 + 2*q + 2. Suppose 5*x + 20 = -5*m, -7*m + 2*m = 4*x + 21. Let p be (2 - x)*2/1. Determine d(p).
2
Let v(f) be the first derivative of f**3 + f**2 - 2*f - 1. Let z = -159 - -157. Calculate v(z).
6
Suppose -g + 4 = 1. Let p(q) = -1 - 1 + 3*q**2 + 0*q**2 + 14*q**3 - 15*q**g. Suppose -r + 2*r = 2. Give p(r).
2
Suppose 4*n - 3*g = g - 12, -5*n + 4*g - 12 = 0. Let f(a) = -a**3 - 7. Give f(n).
-7
Let k(j) = -6 + 2 + j - 2 + 0. Let m = 1 - 1. Calculate k(m).
-6
Let c(s) = 2*s**2 + s**2 - s - 2*s**2 - s**3 - 2. Suppose v + 6 = -3*v + 2*y, 3*y - 9 = 5*v. Determine c(v).
-2
Let u(r) be the second derivative of r**7/2520 - r**6/720 + r**5/120 + r**4/4 + 3*r. Let z(c) be the third derivative of u(c). Let n = 6 + -4. Give z(n).
3
Let l(i) = -i**2. Let o(v) = v + 4. Let f(x) = l(x) + o(x). Suppose -2*s + 6 = s. Suppose 5*c - 18 - s = 0. What is f(c)?
-8
Let m(v) = -2*v**2 - 9*v - 4. Suppose 3*r - 23 = -r + j, 2*j = r - 11. Let b(i) = 2*i**2 + 8*i + 3. Let f(w) = r*b(w) + 4*m(w). Give f(-3).
5
Let v be (-20)/6*3/(-2). Let k(p) = -3*p**3 + 9*p + 4*p**3 + 0*p**3 - 4 - 7*p**2 - p. Calculate k(v).
-14
Suppose 0 = u - 0*u + 11. Let g = 15 + u. Let v(x) = 2*x - 6. What is v(g)?
2
Let w(t) be the second derivative of -t**5/20 - t**4/4 - t**3/2 - 7*t. Calculate w(-2).
2
Let b be (-2)/(-3) - 35/(-15). Let j(k) = -9*k**2 + 7*k + 13. Let v(r) = 4*r**2 - 3*r - 6. Suppose 65 = n + 4*n. Let p(y) = n*v(y) + 6*j(y). Calculate p(b).
-9
Let s be 22/5 - (-2)/(-5). Let f(y) = -y**3 + 4*y**2 - 2*y - 5. Let u(c) = c + 1. Let q(p) = -f(p) - 4*u(p). Calculate q(s).
-7
Suppose -4*c - 6 = -2*v, -4*v - 5*c - 35 = -v. Let k(y) = 7*y - 3*y + 0*y + y**2. Determine k(v).
5
Let o(c) = -5*c**2 + 3*c**2 + c**2 + 2. Let q(s) = s**2 + 10*s - 8. Let z be q(-11). Suppose -r + 2*b + 6 = 0, -b + 6 = -2*r - z*b. Determine o(r).
2
Suppose -4*l - 4 = -5*l. Let a(g) = g**3 - 4*g**2 - 3*g. Determine a(l).
-12
Let o be (-2 + 4/6)*3. Let f(p) be the second derivative of 1/20*p**5 + 5/12*p**4 + p**3 + 0 + 2*p**2 - p. Calculate f(o).
-4
Let m(r) = 2*r + 2. Let a be m(-3). Suppose -z + 2 = 4*d, 4*z + 3*d - 5 = 3. Let j(n) = 3 - 2*n**z - n**3 - n - 6*n**2 + 4*n**2. What is j(a)?
7
Let r(x) = x - 19*x**3 + 33*x**3 + x - 15*x**3 + 6*x**2 + 6. What is r(6)?
18
Let m(x) = -3*x + 0*x - x**3 - x**2 - 2 + 3*x**2 - 4*x**2. Let v be m(-2). Let l(q) = -2 + q**3 - 3*q**2 + q + 0*q - v*q - 2*q. Calculate l(4).
-6
Let u(a) = 18*a**2 + 7*a - 19*a**2 - 9 + 2 + 0. Calculate u(6).
-1
Let k(t) = 2*t + 1. Let s be (-248)/(-16) - 1/2. Let h = 12 - s. Calculate k(h).
-5
Let f = 4 - -3. Let c(j) = 6*j**2 - 3*j**3 - f*j + 6 - j**2 + 3*j**3 - j**3. Determine c(4).
-6
Let o(s) = -3*s. Let z = 0 - 2. Let m be o(z). Suppose d + 3 = m. Let g(f) = -2*f**2 + 4*f + 1. Determine g(d).
-5
Let c be -3 + 1 - -1 - 4. Let v(x) be the first derivative of -1/2*x**2 - 4*x - 1. What is v(c)?
1
Let y = 1 - -5. Let w(c) be the second derivative of -c**5/20 + 5*c**4/12 + 5*c**3/6 + 20*c - 2. Calculate w(y).
-6
Let v(b) be the second derivative of 1/20*b**5 + 1/12*b**4 + b - 1/2*b**3 - 1/2*b**2 + 0. Give v(-2).
1
Let h = 28 + -28. Let i(y) = -y**2 - y - 3. What is i(h)?
-3
Suppose 0 = -h + 5*v - 11, -h - 4*v + 6*v - 5 = 0. Let j(w) = 2*w + 1. Give j(h).
-1
Let k(u) = 4*u**2 + 19*u - 5. Let o(a) = a**2 + 6*a - 2. Let p(m) = -2*k(m) + 7*o(m). Let v(l) = -l**3 + 3*l**2 + l + 2. Let y be v(3). Determine p(y).
-9
Let c be (-3)/(-6)*0/3. Let o(v) = -3*v - 1 - 4*v + c*v + 6*v + 3*v**2. Give o(2).
9
Let w(d) = 2*d**3 - 3*d**3 - 3 - 514*d + 517*d. Calculate w(3).
-21
Let q = 4 + -7. Suppose 0 = -z - 2*z - 9. Let b = z - q. Let i(d) = -d + 4. Determine i(b).
4
Let g(i) = i**2 + 6*i - 2. Let p be g(-7). Let z = p - 1. Let x(c) = -c**2 + 6*c - 3. Determine x(z).
5
Let t(a) = -a**3 - 6*a**2 - 5*a - 2. Let u(c) = c**3 - 4*c**2 - 12*c - 4. Let n be u(6). Give t(n).
-14
Let b(v) = 5*v - 2. Let j(x) = 14*x - 6. Let w(o) = 17*b(o) - 6*j(o). Determine w(3).
5
Let n(v) be the third derivative of v**5/30 + v**4/12 - v**3/3 - v**2. Let s be (19 - 1)/(2 - 0). Let w = s - 11. What is n(w)?
2
Let m(z) be the second derivative of 2*z**2 - 2/3*z**3 + 0 - 2*z - 1/12*z**4. What is m(-4)?
4
Let i(m) be the second derivative of m**3/6 + 5*m**2/2 + 4*m. Determine i(4).
9
Let x(t) = -t**3 - 2*t**2 + t. Suppose 6 = 2*b - 0*b. Let f be 4/6 - 4/6. Suppose -3*w + b - 9 = f. Calculate x(w).
-2
Let r = 6 - 4. Suppose -a = r*a - 24. Let t(p) = -p**3 + 7*p**2 + 8*p - 4. Let l be t(a). Let o(n) = -n - 2. What is o(l)?
2
Let i(m) be the first derivative of -9*m**4/4 - m**2 + m - 6. Calculate i(1).
-10
Let m(b) be the second derivative of b**3/6 + 3*b**2 - b. Let x = -2 - -4. Suppose -4*l = -x*l. Determine m(l).
6
Let r(x) = x**3 + 4*x**2 + x + 2. Suppose -6*m + 11*m = -15. Calculate r(m).
8
Suppose -5*o + 2*o = -6. Suppose 5*x + 23 = -i + o*i, 5 = -x. Let q(h) be the third derivative of h**5/20 + h**4/12 + h**2. Calculate q(i).
8
Let r be (4 + -4 + -2)*15/6. Let u(m) = -3*m. Give u(r).
15
Let z(f) = -f**2 - 6*f + 3. Let a be -9 + (4 - 6/3). Let y(r) = -r**2 - 5*r + 9. Let h be y(a). Give z(h).
8
Let b(z) = -7*z**3 + 0*z - 2*z - z**2 + 2 - 3. Suppose 2 = -2*a - 0. Determine b(a).
7
Let n(m) = 4*m + 4. Let a(q) = -q**2 - 5*q - 5. Let t be (-5)/((-4)/(12/(-3))). Let k(o) = t*n(o) - 4*a(o). Give k(1).
4
Suppose -5*g = -5*g + 9*g. Let d(o) = o**3 + o**2 + 1. Calculate d(g).
1
Let m be 30/(-12)*2*1. Let b(f) = f - 5. Let w(t) = -1. Let c(h) = m*w(h) + b(h). Suppose d = 6*d. Calculate c(d).
0
Let x be (0 + 3/1)*(-1 + 0). Let b(l) = 2*l + 1 - 2 - 4*l. Give b(x).
5
Suppose 0 = 4*o - d, -4*o = -3*o + d. Let j(w) = -3*w**3 - 5*w**2 + 8*w - 29. Let u(l) = -l**3 - 2*l**2